ndreds digit of d?
3
Suppose -x + 0*x + 2*k - 62 = 0, 0 = 4*x + 5*k + 235. Let d = 100 + x. Let t = d - 15. What is the tens digit of t?
2
Let q(g) = g**3 + 23*g**2 - 81*g - 3. Let l be q(-24). Let m = l - 502. What is the units digit of m?
3
Suppose 7*d - 5*d = 5*b - 17, -2*d = 2*b - 4. Suppose 21 - 2211 = -b*h. What is the tens digit of h?
3
Let q(s) = -6*s - 3. Let n be q(-6). Let a be (65/(-1))/((-11)/n). Suppose b - 5 = 0, 0 = 4*x - 5*b + 4*b - a. What is the units digit of x?
0
Let o = -39 + 110. Suppose -241 = 3*u + o. What is the hundreds digit of ((-165)/(-4))/((-39)/u)?
1
Suppose 5*u - 3*u = -8. Let z be 5 + 126/(-24) + (-1)/u. What is the units digit of ((-5 - -4) + z)*-97?
7
Let x(j) = -4*j + 15 + 3*j + 17 - 3*j. Let c be x(0). Suppose 3*f - c = -b, -6 = 3*b - 4*f - 50. What is the tens digit of b?
2
Suppose -106*r + 2780105 = 161982 - 961603. What is the ten thousands digit of r?
3
What is the thousands digit of 298530/16 - 38/304?
8
Let p be (5 + (-21)/3)/((-8)/36). Suppose 2*d - 142 = -10*w + p*w, 4*d = 3*w + 264. What is the tens digit of d?
6
Let r(c) = -295*c**3 + 5*c**2 + 4*c. Let y be ((-15)/45)/((-4)/(-12)). What is the units digit of r(y)?
6
Suppose 15*l + 2*u - 167796 = 10*l, 167799 = 5*l + 3*u. What is the ten thousands digit of l?
3
Let i be 11/(-9) + 4/18 - -136. Suppose -182 = -f + i. Suppose 0*z + 124 = z + 4*b, b = -3*z + f. What is the hundreds digit of z?
1
Suppose 4*p - 3*c - 4444 = 3626, -5*c + 6038 = 3*p. Suppose -10*s - 2*s = -p. What is the tens digit of s?
6
Suppose -611189 = -37*z - 89*z + 113563. What is the tens digit of z?
5
Suppose -3*c + 5*m = -44240, -29484 = 30*c - 32*c + 2*m. What is the thousands digit of c?
4
Suppose -7*o - 1504 + 1595 = 0. Suppose -4*h = 3*m - 4302, -o*m + 4*h + 2848 = -11*m. What is the hundreds digit of m?
4
Let t = -34 - -19. Let p be (-1281)/t - 6/(-10). Let y = 42 + p. What is the tens digit of y?
2
What is the ten thousands digit of ((-16)/(-20) + (-1237488)/1260)/((-2)/42)?
2
What is the units digit of -5120*((-20631)/65)/23?
6
Suppose -51392 - 19288 = -31*p. Let k = p - 1614. What is the tens digit of k?
6
Suppose -10260 = 147*o + 5208 - 3708. Let x(z) = 32*z - 8. Let w be x(6). Let r = o + w. What is the hundreds digit of r?
1
Let o(x) = 973*x**3 - 5*x**2 + 20*x - 4. Let z(s) = 324*s**3 - 2*s**2 + 7*s - 1. Let v(k) = 3*o(k) - 8*z(k). What is the tens digit of v(1)?
2
Let b = -30617 - -71957. What is the hundreds digit of b?
3
Suppose 5*f - 305 = -4*v - v, -9 = -3*f. Suppose m + v - 57 = 0. What is the tens digit of (-2 + 1)/(m/89)?
8
Let n(q) = -q**3 - 3*q**2 + 5*q + 10. Let m be n(-4). Suppose 4*z + m*z = 820. What is the tens digit of z?
8
Let x = 124 - 45. Let z = -290 + x. Let y = 354 + z. What is the hundreds digit of y?
1
What is the ten thousands digit of 6 - 52/9 - (6 + 112552/(-9))?
1
Let i = -215 + 5625. What is the tens digit of i?
1
Let f(r) = 1206*r**2 + 14*r - 17. Let m be f(2). Suppose -5*l = -250 - m. What is the units digit of l?
7
Let y(w) = w**3 + w**2 + w - 1. Let j(t) = 18*t**3 + 5*t**2 + 9*t + 3. Let g(a) = -j(a) + 3*y(a). What is the hundreds digit of g(-3)?
3
Let t = -25 - -28. Suppose 3*d = -t*y + 270, 3*d - 445 = -5*y - d. Let o = 148 - y. What is the units digit of o?
3
Let t(l) = l**3 + 47*l**2 + l + 71. Let v be t(-47). Suppose v*s + 4345 = 29*s. What is the units digit of s?
9
Let q = -82 + 622. Let v = 808 - q. Suppose 6*x = 3*z + x - 269, -4*x - v = -3*z. What is the tens digit of z?
8
Let g(l) be the first derivative of l**2 - 4*l - 1/3*l**3 - 1/2*l**4 - 1. What is the tens digit of g(-3)?
3
Suppose -14 = -2*p + 4*r, p + 4*p - 4*r = 23. Let g be (-4)/(-10) + 348/5. Suppose -p*k = -g - 158. What is the units digit of k?
6
Let l(n) = n**3 - 7*n**2 - 6*n - 11. Let m be l(8). Suppose 0 = -3*f + 5*k - 2, 4*f + k = m. What is the units digit of (0 - (2 + f))*210/(-9)?
0
Suppose 3530740 + 2150650 = 290*y. What is the units digit of y?
1
What is the hundreds digit of (-3413)/(-1) - (-125)/475*-19?
4
Let r = 42 + -39. Suppose -r = 2*a - 9. Suppose -a*g + 548 = -4*y, g - y - 169 = 13. What is the hundreds digit of g?
1
Suppose -8*f - 15*f + 234745 + 51076 = 0. What is the ten thousands digit of f?
1
Let l(g) = -g**3 - 11*g**2 + 40*g - 20. Let z be l(-14). What is the hundreds digit of 20/2*(372/z - -7)?
5
Let s(b) be the second derivative of 59*b**4/12 + b**3/2 + 79*b. What is the hundreds digit of s(3)?
5
Let y(w) = -w**2 - 20*w + 5. Let o(g) = -6*g**2 - 7*g - 8. Let s be o(-2). Let u be y(s). What is the units digit of (2 + 1)/(3/u)?
1
Suppose 0 = -3*u + 5*u, 0 = -3*v + u + 24. What is the tens digit of 857 + v + (-6 - -7)?
6
Suppose 12*z - 197581 - 87527 = 0. What is the ten thousands digit of z?
2
Suppose 8*l = 25 + 15. Let m be 3 + -3 + l/((-15)/546). Let d = -103 - m. What is the units digit of d?
9
Suppose -34*j - 23052 = -38*j - 4*r, 5*r - 11514 = -2*j. What is the tens digit of j?
6
Suppose -15290*u = -15279*u - 88737. What is the hundreds digit of u?
0
Suppose 0 = 6*a + 769 - 109. Let q be 3266/5 - 88/a. Suppose -27*r - q = -30*r. What is the units digit of r?
8
Suppose -3*s + 67452 = 25*s. Let i = s - 1540. What is the hundreds digit of i?
8
Let s = -115 + 153. Let g = s + -38. What is the units digit of (5 + -4 + g)*101?
1
Let u(s) = s**2 + 103 - 29*s - 20*s + 2*s**2. What is the hundreds digit of u(29)?
2
Suppose 486391 + 462634 = 145*i. What is the units digit of i?
5
Let d(r) = 61*r**2 - r - 1. Let b be d(2). Let c(h) = 3*h**2 + 36*h + 85. Let j be c(-12). Suppose 3*p + j - b = 0. What is the units digit of p?
2
Suppose -4*p = -2*f + 18, 3*p - 34 = -2*f - 23. Suppose -5*s + 284 = 2*a - 31, a - 310 = -5*s. Suppose -i + s = -f. What is the units digit of i?
8
Suppose -2*y = 5*l - 20008, -39*y + 10004 = -38*y - 3*l. What is the tens digit of y?
0
Let w = 254198 - 175039. What is the tens digit of w?
5
Suppose -3*x + 4*r + 1938 = 0, 3*x - 1974 = -100*r + 98*r. What is the units digit of x?
4
Let i = -422 - -414. Let s(t) = -80*t + 29. What is the units digit of s(i)?
9
Let g = 86887 + -53980. What is the units digit of g?
7
What is the units digit of 3/((-13)/((-78)/(-9)))*18578/(-4)?
9
Let s(g) = -g**2 + 232*g - 88. What is the hundreds digit of s(47)?
6
Suppose 21*a + 78 = -6. What is the tens digit of 5/((-10)/(-154)) + a?
7
What is the hundreds digit of 8/180 + 628554/135?
6
Let o(t) = t**2 - t - 1. Let z(b) = 2*b**2 - 21*b - 5. Let p(w) = 3*o(w) - z(w). Let q be p(-12). Let j = q + 113. What is the tens digit of j?
4
Suppose 33*l - 11482 - 14918 = 0. What is the units digit of l?
0
Let c = 25 - 23. Let i be 2 + -2 + c + 3. Suppose -i*w + m + 37 = -119, 5*m + 44 = 2*w. What is the tens digit of w?
3
Let a = -66 - -29. Let u = -206 + a. Let m = -130 - u. What is the tens digit of m?
1
Let q = 48671 + -32946. What is the hundreds digit of q?
7
Suppose v - 377 = -237. Suppose -3*x - v + 947 = 0. What is the hundreds digit of x?
2
Let y(r) = -3*r**3 + 8*r**2 - 8*r - 4. Let w(n) = n**3 - n**2 - n + 1. Let u(v) = 3*w(v) - y(v). What is the units digit of u(5)?
7
Suppose 4974 + 6828 = -21*v. Let d = 363 - v. What is the tens digit of d?
2
Suppose -14*s + 15*s + 10055 = 3*l, s = -l + 3353. Let w = l + -2205. What is the tens digit of w?
4
Let z be 5 + -9 - (0 + 85*-226). Suppose -2949 - z = -15*r. What is the units digit of r?
7
Suppose -j + 5023 = -5*n + 1838, 3*j - n = 9569. Suppose j = 12*y - 2*y. What is the units digit of y?
9
Let f = 18222 + -5764. What is the ten thousands digit of f?
1
Let r(x) = 7*x - 8. Let t(p) = p**3 - 7*p**2 + 8*p - 4. Let b be t(6). Suppose h + b = 2*j, -4*h - 8 = -4*j - 0*h. What is the units digit of r(j)?
4
Let i be 26*((-18)/(-4) - 3). Let g be (23 + -35)*3/(6/4). Let y = i + g. What is the units digit of y?
5
Suppose 0 = 2*w + 4*h - 714, -2*h - 2109 + 631 = -4*w. Let q = w + -148. What is the units digit of q?
9
Suppose -3*v = 3*u + 6 - 3, -2*u = -v - 13. Let m(c) = 14*c**3 - 4*c**2 + 11*c - 40. What is the tens digit of m(u)?
3
Suppose 12*y - 2*m = 10*y + 25220, 0 = -3*y - 2*m + 37785. What is the hundreds digit of y?
6
Suppose 8*r = -98*r - 36*r + 10935846. What is the thousands digit of r?
7
Let d(k) = k**3 - k**2 - 5. Suppose w = -4*g - 4, 0 = 2*w + 9 - 1. Let l be d(g). Let p = l - -22. What is 